{"id":1994,"date":"2024-11-28T09:34:37","date_gmt":"2024-11-28T09:34:37","guid":{"rendered":"https:\/\/totobaggu.com\/?post_type=product&#038;p=1994"},"modified":"2024-11-28T09:34:37","modified_gmt":"2024-11-28T09:34:37","slug":"moc-khoa-xoay-in-theo-yeu-cau","status":"publish","type":"product","link":"https:\/\/totobaggu.com\/?product=moc-khoa-xoay-in-theo-yeu-cau","title":{"rendered":"M\u00f3c kho\u00e1 xoay in theo y\u00eau c\u1ea7u"},"content":{"rendered":"<p><strong>M\u00d3C KHO\u00c1 XOAY IN THEO Y\u00caU C\u1ea6U<\/strong><\/p>\n<ul>\n<li>Ch\u1ea5t li\u1ec7u: kim lo\u1ea1i \u0111\u00ednh \u0111\u00e1<\/li>\n<li>K\u00edch th\u01b0\u1edbc \u0111<span class=\"OYPEnA font-feature-liga-off font-feature-clig-off font-feature-calt-off text-decoration-none text-strikethrough-none\">\u01b0\u1eddng k\u00ednh: 37<\/span>mm<\/li>\n<li>Ph\u1ea7n m\u1eb7t in h\u00ecnh tr\u00f2n ho\u1eb7c h\u00ecnh hoa c\u00f3 th\u1ec3 xoay tr\u00f2n<\/li>\n<\/ul>\n<p>Ch\u1ea5t li\u1ec7u s\u00e1ng b\u00f3ng v\u1edbi \u0111i\u1ec3m nh\u1ea5n l\u00e0 h\u1ea1t \u0111\u00e1 s\u00e1ng \u0111\u1eb9p, th\u00edch h\u1ee3p in \u1ea3nh 1-2 ng\u01b0\u1eddi.<\/p>\n","protected":false},"excerpt":{"rendered":"<p><strong>M\u00d3C KHO\u00c1 XOAY IN THEO Y\u00caU C\u1ea6U<\/strong><\/p>\n<ul>\n<li>Ch\u1ea5t li\u1ec7u: kim lo\u1ea1i \u0111\u00ednh \u0111\u00e1<\/li>\n<li>K\u00edch th\u01b0\u1edbc \u0111<span class=\"OYPEnA font-feature-liga-off font-feature-clig-off font-feature-calt-off text-decoration-none text-strikethrough-none\">\u01b0\u1eddng k\u00ednh: 37<\/span>mm<\/li>\n<li>Ph\u1ea7n m\u1eb7t in h\u00ecnh tr\u00f2n ho\u1eb7c h\u00ecnh hoa c\u00f3 th\u1ec3 xoay tr\u00f2n<\/li>\n<\/ul>\n<p>Ch\u1ea5t li\u1ec7u s\u00e1ng b\u00f3ng v\u1edbi \u0111i\u1ec3m nh\u1ea5n l\u00e0 h\u1ea1t \u0111\u00e1 s\u00e1ng \u0111\u1eb9p, th\u00edch h\u1ee3p in \u1ea3nh 1-2 ng\u01b0\u1eddi.<\/p>\n","protected":false},"featured_media":1985,"comment_status":"open","ping_status":"closed","template":"","meta":{"_glsr_average":0,"_glsr_ranking":0,"_glsr_reviews":0},"product_cat":[22],"product_tag":[],"class_list":{"0":"post-1994","1":"product","2":"type-product","3":"status-publish","4":"has-post-thumbnail","6":"product_cat-danh-muc-san-pham","8":"first","9":"instock","10":"shipping-taxable","11":"purchasable","12":"product-type-simple"},"_links":{"self":[{"href":"https:\/\/totobaggu.com\/index.php?rest_route=\/wp\/v2\/product\/1994","targetHints":{"allow":["GET"]}}],"collection":[{"href":"https:\/\/totobaggu.com\/index.php?rest_route=\/wp\/v2\/product"}],"about":[{"href":"https:\/\/totobaggu.com\/index.php?rest_route=\/wp\/v2\/types\/product"}],"replies":[{"embeddable":true,"href":"https:\/\/totobaggu.com\/index.php?rest_route=%2Fwp%2Fv2%2Fcomments&post=1994"}],"wp:featuredmedia":[{"embeddable":true,"href":"https:\/\/totobaggu.com\/index.php?rest_route=\/wp\/v2\/media\/1985"}],"wp:attachment":[{"href":"https:\/\/totobaggu.com\/index.php?rest_route=%2Fwp%2Fv2%2Fmedia&parent=1994"}],"wp:term":[{"taxonomy":"product_cat","embeddable":true,"href":"https:\/\/totobaggu.com\/index.php?rest_route=%2Fwp%2Fv2%2Fproduct_cat&post=1994"},{"taxonomy":"product_tag","embeddable":true,"href":"https:\/\/totobaggu.com\/index.php?rest_route=%2Fwp%2Fv2%2Fproduct_tag&post=1994"}],"curies":[{"name":"wp","href":"https:\/\/api.w.org\/{rel}","templated":true}]}}