{"id":1991,"date":"2024-11-28T09:26:49","date_gmt":"2024-11-28T09:26:49","guid":{"rendered":"https:\/\/totobaggu.com\/?post_type=product&#038;p=1991"},"modified":"2025-04-16T06:29:43","modified_gmt":"2025-04-16T06:29:43","slug":"boc-ho-chieu-in-theo-yeu-cau","status":"publish","type":"product","link":"https:\/\/totobaggu.com\/?product=boc-ho-chieu-in-theo-yeu-cau","title":{"rendered":"B\u1ecdc h\u1ed9 chi\u1ebfu in theo y\u00eau c\u1ea7u"},"content":{"rendered":"<p><strong>B\u1eccC H\u1ed8 CHI\u1ebeU IN THEO Y\u00caU C\u1ea6U<\/strong><\/p>\n<ul>\n<li><span class=\"OYPEnA font-feature-liga-off font-feature-clig-off font-feature-calt-off text-decoration-none text-strikethrough-none\">Size 14&#215;19.5cm &#8211; 195k<\/span><\/li>\n<li><span class=\"OYPEnA font-feature-liga-off font-feature-clig-off font-feature-calt-off text-decoration-none text-strikethrough-none\">Ch\u1ea5t li\u1ec7u: da PU<\/span><\/li>\n<li><span class=\"OYPEnA font-feature-liga-off font-feature-clig-off font-feature-calt-off text-decoration-none text-strikethrough-none\">\u0110\u1eb7c t\u00ednh: b\u00ean trong c\u00f3 d\u00e2y chun c\u1ed1 \u0111\u1ecbnh v\u00e0 ng\u0103n \u0111\u1ef1ng th\u1ebb\/gi\u1ea5y t\u1edd<\/span><\/li>\n<\/ul>\n<p>\u0110\u00e2y l\u00e0 m\u1ed9t g\u1ee3i \u00fd qu\u00e0 t\u1eb7ng \u0111\u1ed9c \u0111\u00e1o cho ng\u01b0\u1eddi b\u1ea1n ph\u01b0\u01a1ng xa, nh\u1eefng ng\u01b0\u1eddi \u0111am m\u00ea d\u1ecbch chuy\u1ec3n ho\u1eb7c s\u1eafp ph\u1ea3i \u0111i c\u00f4ng t\u00e1c, du h\u1ecdc xa nh\u00e0.<\/p>\n","protected":false},"excerpt":{"rendered":"<p><strong>B\u1eccC H\u1ed8 CHI\u1ebeU IN THEO Y\u00caU C\u1ea6U<\/strong><\/p>\n<ul>\n<li><span class=\"OYPEnA font-feature-liga-off font-feature-clig-off font-feature-calt-off text-decoration-none text-strikethrough-none\">Size 14&#215;19.5cm &#8211; 195k<\/span><\/li>\n<li><span class=\"OYPEnA font-feature-liga-off font-feature-clig-off font-feature-calt-off text-decoration-none text-strikethrough-none\">Ch\u1ea5t li\u1ec7u: da PU<\/span><\/li>\n<li><span class=\"OYPEnA font-feature-liga-off font-feature-clig-off font-feature-calt-off text-decoration-none text-strikethrough-none\">\u0110\u1eb7c t\u00ednh: b\u00ean trong c\u00f3 d\u00e2y chun c\u1ed1 \u0111\u1ecbnh v\u00e0 ng\u0103n \u0111\u1ef1ng th\u1ebb\/gi\u1ea5y t\u1edd<\/span><\/li>\n<\/ul>\n<p>\u0110\u00e2y l\u00e0 m\u1ed9t g\u1ee3i \u00fd qu\u00e0 t\u1eb7ng \u0111\u1ed9c \u0111\u00e1o cho ng\u01b0\u1eddi b\u1ea1n ph\u01b0\u01a1ng xa, nh\u1eefng ng\u01b0\u1eddi \u0111am m\u00ea d\u1ecbch chuy\u1ec3n ho\u1eb7c s\u1eafp ph\u1ea3i \u0111i c\u00f4ng t\u00e1c, du h\u1ecdc xa nh\u00e0.<\/p>\n","protected":false},"featured_media":1986,"comment_status":"open","ping_status":"closed","template":"","meta":{"_glsr_average":0,"_glsr_ranking":0,"_glsr_reviews":0},"product_cat":[45],"product_tag":[],"class_list":{"0":"post-1991","1":"product","2":"type-product","3":"status-publish","4":"has-post-thumbnail","6":"product_cat-san-pham-custom","8":"first","9":"instock","10":"shipping-taxable","11":"purchasable","12":"product-type-simple"},"_links":{"self":[{"href":"https:\/\/totobaggu.com\/index.php?rest_route=\/wp\/v2\/product\/1991","targetHints":{"allow":["GET"]}}],"collection":[{"href":"https:\/\/totobaggu.com\/index.php?rest_route=\/wp\/v2\/product"}],"about":[{"href":"https:\/\/totobaggu.com\/index.php?rest_route=\/wp\/v2\/types\/product"}],"replies":[{"embeddable":true,"href":"https:\/\/totobaggu.com\/index.php?rest_route=%2Fwp%2Fv2%2Fcomments&post=1991"}],"wp:featuredmedia":[{"embeddable":true,"href":"https:\/\/totobaggu.com\/index.php?rest_route=\/wp\/v2\/media\/1986"}],"wp:attachment":[{"href":"https:\/\/totobaggu.com\/index.php?rest_route=%2Fwp%2Fv2%2Fmedia&parent=1991"}],"wp:term":[{"taxonomy":"product_cat","embeddable":true,"href":"https:\/\/totobaggu.com\/index.php?rest_route=%2Fwp%2Fv2%2Fproduct_cat&post=1991"},{"taxonomy":"product_tag","embeddable":true,"href":"https:\/\/totobaggu.com\/index.php?rest_route=%2Fwp%2Fv2%2Fproduct_tag&post=1991"}],"curies":[{"name":"wp","href":"https:\/\/api.w.org\/{rel}","templated":true}]}}